5 - 7).
-3
Evaluate 0 + 0 - (-2 - -1) - -1.
2
Calculate (1 - 4) + (20 - 18).
-1
Calculate -5 - -1 - (-1 + 2 + -1).
-4
Evaluate 2 + (-4 - -1) + 0.
-1
1 + 2 - (-2 - (-2 + -2))
1
What is the value of -1 + (4 - (-2 - -3)) + -1?
1
Evaluate -2 + 2 - (10 - (21 + -15)).
-4
Evaluate 2 + (-3 + 3 - 2).
0
0 - (-4 - -8) - 0
-4
Evaluate 5 - (-6 + 17 + -6).
0
What is the value of -4 + (-3 - -7 - 7) + 6?
-1
Evaluate 4 + 4 + (-2 - -3) - 5.
4
Calculate -4 + 4 + 2 - 1.
1
Calculate -1 + 0 - (-6 - -6).
-1
What is the value of 5 + 2 + -5 + -1 + 2?
3
Evaluate 3 - 7 - 0 - (-5 - 2).
3
What is the value of (-19 - -15) + -2 + 1?
-5
What is the value of 1 + (-4 - (0 + 6)) + 4?
-5
Calculate -5 + (-6 - (0 + -11)).
0
What is 0 - 0 - -6 - (1 + 0)?
5
What is 0 - (1 + -9 - (-11 - 0))?
-3
What is the value of 4 + (18 - 8 - 7)?
7
What is -11 + 10 + (-8 - -5)?
-4
Evaluate -38 + 45 + 1 + -15.
-7
(9 - (0 + 4)) + 2 + -2
5
What is (8 - -4) + (-4 - (-1 + 1))?
8
What is -2 - ((-2 - 2) + 5 + -4)?
1
Evaluate -3 + (1 - (-2 + -2)).
2
Evaluate (0 - 9) + 101 + -94.
-2
Calculate -3 - (6 - 16 - -5).
2
6 + -11 + 2 - (2 + -3)
-2
Evaluate 5 + -8 - -4 - (-18 + 11).
8
Evaluate 5 - (2 - (4 + -4 + 2)).
5
What is -3 - -2 - -5 - (-41 - -36)?
9
Calculate (-7 - -3) + -8 + 10.
-2
Calculate -2 + 8 - (19 + -9).
-4
What is the value of 6 + (7 - 7) + 1 - 9?
-2
-11 + 17 + 0 + -5
1
(-10 - (-1 - 10)) + 0 + -7
-6
What is the value of 2 - 3 - (-6 + 4)?
1
Calculate -19 - -17 - (-6 - -6).
-2
What is the value of 31 - 27 - (3 + 13 + -3)?
-9
What is (-1 - -6) + -5 + 11 + -13?
-2
Evaluate 2 + -10 + (-7 - -15).
0
What is the value of (5 - 7) + 3 - (-1 - -7)?
-5
What is 1 - ((-1 - -1) + 9 + -9)?
1
What is the value of (-11 - -5) + 3 + 11 + -3?
5
What is -6 + (1 - (4 + -6))?
-3
What is -52 + 44 + 3 + 3?
-2
-9 - -3 - (0 + 4 - 4)
-6
0 + 4 - (7 + 2)
-5
What is the value of 10 - 1 - (-2 + 8)?
3
-1 + -2 + (-1 + -2 - -2)
-4
What is the value of 12 + (-2 - 2) + -2?
6
What is the value of (-3 - -11) + -17 - -4?
-5
Evaluate 0 + 4 + 1 - 10.
-5
What is 2 + 0 + 2 + -4 + 6?
6
What is -1 - (4 + -3 + -4)?
2
What is (-7 - -9 - -3) + 1 + -1?
5
4 + -6 + 9 - (0 - -2)
5
What is the value of -1 + -1 - (14 + -23)?
7
What is 1 + 8 - (-115 - -134)?
-10
5 + (5 + -13 - -4)
1
What is -4 + 0 - (-11 + 8)?
-1
What is 1 + 1 + (-7 - (10 + -7))?
-8
Calculate 3 + -2 - (5 - 8).
4
-3 + 3 + 1 + -4 + -1
-4
What is 6 - (-3 + 6) - (7 - 3)?
-1
(-1 - (1 - 4)) + -2
0
Calculate 0 + -5 + (0 - (2 + -5)).
-2
Evaluate 5 - (-1 + (-1 + 3 - -2)).
2
Calculate -1 - ((-6 - -1) + (0 - 0)).
4
Evaluate (4 - 8 - (-1 - 3)) + 4.
4
What is the value of -2 - -5 - (0 - 1)?
4
1 + (-2 + -3 - (-8 + 6))
-2
1 + 0 + -1 + -4
-4
Calculate -16 + (-2 - -2 - (-2 + -5)).
-9
Calculate (-1 + 1 - 4) + -1.
-5
Calculate 1 + -3 + (-1 - -4).
1
-13 - -16 - (8 - 1 - 3)
-1
What is -6 - (-16 - -8) - 8?
-6
Calculate -3 - -3 - 2 - 1.
-3
2 + -2 + 5 - 0
5
15 - 29 - (-20 + 11)
-5
What is the value of -6 - (0 - (-3 - -6))?
-3
Calculate -3 + 8 + -8 + 0.
-3
Evaluate 1 + 1 + 7 + -5.
4
Evaluate 5 + 2 + 1 + 3 + -11.
0
What is the value of -4 + (-2 - (1 + -2))?
-5
1 + -4 - (-8 - -5 - 0)
0
What is the value of 13 + 0 - (-34 - -42)?
5
What is the value of 5 - (5 + (-4 - -11))?
-7
Calculate 9 + (5 - 5) - (6 + 0).
3
6 + -1 + 1 + -3
3
(11 - 17) + (14 - 2 - 0)
6
-1 + -1 + (6 - -1)
5
3 + -2 + 5 - 5
1
Calculate 2 - (2 - 5 - (-1 + 2)).
6
Evaluate -86 + 83 - (-6 - 0).
3
Evaluate (1 + 4 - -3) + -4.
4
What is the value of 0 + (-6 - 0) - (-1 + -2)?
-3
1 + 0 + -7 + (5 - 3)
-4
What is the value of 12 + -10 - (4 - (-4 - -3))?
-3
What is the value of -2 + -1 + -1 + 5?
1
What is 2 + -1 + 0 + 242 + -239?
4
Calculate -5 + 6 - 6 - -4 - -3.
2
Calculate 2 + (0 - (0 + -3) - 0).
5
(8 - (9 - -6) - -1) + 4
-2
Evaluate 7 - (-4 + 14 - -7).
-10
Calculate 0 - (-4 - -4) - 4.
-4
What is 3 + -9 + 1 + -5?
-10
7 + (-1 - 0) - (3 + -2)
5
What is 3 + (0 + -2 + 3 - 3)?
1
Calculate (2 - (13 - 9)) + -1 + 5.
2
Calculate (0 - -2 - 3) + -1.
-2
What is the value of -2 + -3 + (2 - 2) + 10?
5
4 + (-4 - (1 + (2 - 4)))
1
Evaluate (-7 - -4) + (0 - -2) + 4.
3
What is (-2 - -6 - (-1 - 0)) + -3?
2
Evaluate 15 - (20 + (-2 - 6)).
3
Evaluate (-7 - (-4 + 0)) + 4 + -5.
-4
Evaluate -6 - (5 - 8) - (-5 + 1).
1
4 - (4 + (-3 + 0 - 1))
4
What is -4 + (4 - -4) + -6?
-2
Evaluate 7 + -7 - (7 + -9).
2
Calculate -6 - (-7 - 2) - 8.
-5
Calculate (-7 - -11) + 1 + 2 + -1.
6
What is the value of (1 - (0 + 0)) + (5 - 2)?
4
What is (1 - -2) + 0 + 2?
5
What is the value of -7 - (-2 + (6 - 6))?
-5
Calculate 5 + ((9 - 3) + -7 - -2).
6
-2 - (-1 - 5) - (2 + 2)
0
5 + -9 + -6 + 5
-5
Evaluate (2 + -9 - -6) + 4 + 1.
4
Evaluate -9 - (-2 + 2 + -11).
2
Evaluate 11 - (3 - (-1 - 3)).
4
Evaluate -7 + 2 + 10 + (-5 - -6).
6
Calculate 6 + (-6 - 2) + 3.
1
What is the value of 14 + -6 - (7 - (4 + 2))?
7
1 + 3 + -3 + (-9 - -9)
1
Calculate (-37 - -33) + 0 + 4.
0
Evaluate -12 + -16 + 20 - (-3 - 0).
-5
What is the value of (-5 - (-9 + 5 + -1)) + -2?
-2
What is the value of -3 + -1 + 1 + 0?
-3
What is the value of -3 - (5 + -5 - 0)?
-3
(7 - (3 - 2)) + -4
2
Evaluate (4 + 4 - 7) + -2.
-1
Calculate (-9 - -11) + (1 - -1) - -3.
7
(-13 - -10) + (1 - 3) + 0
-5
Calculate -9 - -6 - -3 - -9.
9
Evaluate -1 - (2 - (5 + (-9 - -4))).
-3
Evaluate 35 + -34 + -1 + -1 + 0.
-1
Evaluate (0 + -5 - -4) + (1 - -3).
3
6 + (-5 - (-2 - -1))
2
Calculate 2 + 10 + (0 - 7).
5
What is -6 - (-2 + 6 + -6)?
-4
Evaluate 0 - -1 - (21 - 18).
-2
Calculate 4 - (1 + (-3 - -8) - -1).
-3
What is (3 - 2) + (-9 - -8)?
0
What is 6 + -8 - (-4 + 2 - 2)?
2
Evaluate -3 + (-3 + (4 - 3) - -6).
1
Evaluate (-1 - (2 + -7) - -6) + -3.
7
What is 5 - (8 - (-6 + 0 + 4))?
-5
Evaluate -4 + 7 + -7 + 2 - 2.
-4
What is the value of (-5 - -3) + -14 + 12?
-4
What is -19 + 15 + (18 - 2) + -4?
8
What is (4 + 0 - 7) + 1 + 0?
-2
What is 48 + -46 + -9 + -1 + 4?
-4
(6 - 1) + 23 + -23
5
Calculate 7 - -5 - 17 - (0 - 1).
-4
(-5 - -2 - 0) + (2 - -1)
0
Calculate 6 + -9 + 6 + -3 + 6.
6
What is the value of -2 - -8 - (0 + 11)?
-5
What is the value of 1 + (-1 - 0) - (112 - 115)?
3
Evaluate -10 - (-5 - 2 - 1).
-2
What is the value of 2 - (-3 + (5 - 2) + -6)?
8
Calculate -7 + (3 - 2 - -6).
0
-3 - (2 + (-12 - -8))
-1
(-1 - (-10 + 5)) + -9
-5
Evaluate 0 - (7 + -6) - -9.
8
Calculate (3 + -6 - -7) + -8.
-4
What is -2 + 3 - (-1 - 0)?
2
What is -18 + (1 - (-8 - -1))?
-10
What is the value of -3 + 2 + -5 + 3?
-3
(0 - -4) + (5 - 14)
-5
Calculate 5 - (7 + (5 - 4)).
-3
What is 15 + (11 - 26) - (0 - 0)?
0
What is the value of -2 - ((-2 - 4) + (20 - 16))?
0
Evaluate 1 + -1 + 0 + 7.
7
What is the value of -14 + (3 - (-23 - -12))?
0
What is -2 - ((5 - 5) + 2 + -9)?
5
-4 + 3 + (-4 - -4) + -2
-3
Evaluate 21 + -15 + 3 + -3 - -1.
7
-2 + (4 + -6 - -4)
0
Calculate (1 - 11) + -16 + 25.
-1
(2 - 5) + 5 + -8
-6
Evaluate (9 - 9) + (0 - -5) + 3.
8
5 + 0 - (14 - 13)
4
What is the value of 5 + (7 - -3) + -11?
4
Evaluate 12 - (-7 + 13) - 4.
2
What is (20 + -5 - 4) + -2?
9
What is 1 - (-1 + 4 + -3 + -3)?
4
Calculate 3 + -3 + -1 + 1.
0
What is the value of (5 - (6 - 7)) + -1 + 2?
7
What is 1 + -4 + -2 + 5?
0
Evaluate -18 - -22 - (0 + 3 + -2).
3
1 + 0 + (9 - (-12 + 25))
-3
Calculate (-7 - (0 - 9)) + -7.
-5
-3 - (-9 + 4) - 2
0
Calculate (-5 - -8) + 0 - -1.
4
What is the value of 7 + (10 - 4) + -10?
3
5 + -4 + -5 - (2 - 16)
10
(1 - (-3 - 3)) + -2
5
What is the value of 13 + -29 + 8 - (-1 + -2)?
-5
Calculate 3 + (3 - 8) + -3.
-5
Calculate 0 - (-2 + 0 + 6 - 7).
3
What is -5 - 1 - (4 - 14) - 1?
3
What is 8 + (-3 - 1) + 14 + -13?
5
What is 2 - 1 - (-2 - (-4 + 1))?
0
Calculate 4 - (6 - 3 - (-10 + 9)).
0
Calculate 0 + -4 + (-4 - -1) + 5.
-2
Calculate (5 - -14 - 5 - 6) + -2.
6
Calculate -3 + -6 - -4 - -6.
1
Calculate 6 - (1 - (8 + -12)).
1
Calculate 0 + 2 + -2 + 6 - 9.
-3
Calculate -6 + (0 - -5 - -5) + -2.
2
What is the value of 4 + -2 - (-4 + -1 - -6)?
1
What is 0 + -1 + (-33 - -35)?
1
Calculate -1 - (-12 - -2 - 1) - 2.
8
Calculate -5 + 10 + -2 + -3.
0
Evaluate 0 + 3 + -4 - -6.
5
Evaluate -4 + (9 - (7 - (-2 - -4))).
0
0 - (-5 + 2 - (-5 + 1))
-1
What is 8 + 5 - (-11 - -25)?
-1
What is 7 - (2 - -9 - (5 - -1))?
2
Calculate 2 + -4 + 5 + 2 + -2.
3
Calculate 1 + (2 - 5) - 4.
-6
What is the value of 0 + 0 - (64 + -59)?
-5
Calculate -12 + 20 - (0 - -3).
5
Calculate -11 + 15 - (0 - 0).
4
Evaluate (-1 - (-3 + -1)) + 0.
3
What is (13 - 14) + 